{"id":1365,"date":"2025-12-01T17:48:46","date_gmt":"2025-12-01T16:48:46","guid":{"rendered":"https:\/\/medecinechinoisevercors.com\/?page_id=1365"},"modified":"2025-12-01T17:48:46","modified_gmt":"2025-12-01T16:48:46","slug":"le-venin","status":"publish","type":"page","link":"https:\/\/medecinechinoisevercors.com\/index.php\/le-venin\/","title":{"rendered":"Le Venin"},"content":{"rendered":"\n<p>Le venin d\u2019abeille, un liquide incolore \u00e0 l\u2019odeur forte et caract\u00e9ristique, est s\u00e9cr\u00e9t\u00e9 par les glandes acides et basiques des abeilles. Ce pr\u00e9cieux \u00e9lixir \u00e9volue tout au long de la vie de l\u2019abeille et varie selon les saisons et son alimentation, offrant des solutions th\u00e9rapeutiques de haute qualit\u00e9 pour diverses affections.<\/p>\n\n\n\n<figure class=\"wp-block-image\"><img decoding=\"async\" src=\"https:\/\/www.docteur-abeille.com\/wp-content\/uploads\/2024\/09\/Apitherapie-Docteur-abeille-1024x762.png\" alt=\"\" class=\"wp-image-29024\"\/><\/figure>\n\n\n\n<h2 class=\"wp-block-heading\"><\/h2>\n\n\n\n<h2 class=\"wp-block-heading has-light-green-cyan-color has-text-color has-link-color wp-elements-a0cfc4bb96253c8219a09e208c42e0df\">Des bienfaits th\u00e9rapeutiques du venin d&rsquo;abeille<\/h2>\n\n\n\n<p>Traitement des rhumatismes et des douleurs articulaires<\/p>\n\n\n\n<p>Utilis\u00e9 en apith\u00e9rapie, le venin d&rsquo;abeille agit comme un puissant anti-inflammatoire, r\u00e9duisant les douleurs associ\u00e9es aux rhumatismes, \u00e0 l&rsquo;arthrite et \u00e0 d&rsquo;autres troubles articulaires.<\/p>\n\n\n\n<p>Soutien dans les maladies auto-immunes<\/p>\n\n\n\n<p>l contribue \u00e0 moduler le syst\u00e8me immunitaire, offrant un soulagement dans certaines maladies auto-immunes, comme la scl\u00e9rose en plaques.<\/p>\n\n\n\n<p>Cicatrisation des escarres et soin des affections cutan\u00e9es<\/p>\n\n\n\n<p>Gr\u00e2ce \u00e0 ses propri\u00e9t\u00e9s r\u00e9g\u00e9n\u00e9rantes, le venin d&rsquo;abeille est \u00e9galement utilis\u00e9 pour acc\u00e9l\u00e9rer la cicatrisation des escarres et traiter certains cancers de la peau.<\/p>\n\n\n\n<p>Effet analg\u00e9sique naturel<\/p>\n\n\n\n<p>Il poss\u00e8de des effets analg\u00e9siques qui peuvent r\u00e9duire la douleur chronique sans les effets secondaires des m\u00e9dicaments traditionnels.<\/p>\n\n\n\n<p><\/p>\n","protected":false},"excerpt":{"rendered":"<p>Le venin d\u2019abeille, un liquide incolore \u00e0 l\u2019odeur forte et caract\u00e9ristique, est s\u00e9cr\u00e9t\u00e9 par les glandes acides et basiques des abeilles. Ce pr\u00e9cieux \u00e9lixir \u00e9volue tout au long de la vie de l\u2019abeille et varie selon les saisons et son alimentation, offrant des solutions th\u00e9rapeutiques de haute qualit\u00e9 pour diverses affections. Des bienfaits th\u00e9rapeutiques du &hellip; <\/p>\n<p class=\"link-more\"><a href=\"https:\/\/medecinechinoisevercors.com\/index.php\/le-venin\/\" class=\"more-link\">Continuer la lecture<span class=\"screen-reader-text\"> de &laquo;&nbsp;Le Venin&nbsp;&raquo;<\/span><\/a><\/p>\n","protected":false},"author":1,"featured_media":0,"parent":0,"menu_order":0,"comment_status":"closed","ping_status":"closed","template":"","meta":{"footnotes":""},"class_list":["post-1365","page","type-page","status-publish","hentry"],"jetpack_sharing_enabled":true,"_links":{"self":[{"href":"https:\/\/medecinechinoisevercors.com\/index.php\/wp-json\/wp\/v2\/pages\/1365","targetHints":{"allow":["GET"]}}],"collection":[{"href":"https:\/\/medecinechinoisevercors.com\/index.php\/wp-json\/wp\/v2\/pages"}],"about":[{"href":"https:\/\/medecinechinoisevercors.com\/index.php\/wp-json\/wp\/v2\/types\/page"}],"author":[{"embeddable":true,"href":"https:\/\/medecinechinoisevercors.com\/index.php\/wp-json\/wp\/v2\/users\/1"}],"replies":[{"embeddable":true,"href":"https:\/\/medecinechinoisevercors.com\/index.php\/wp-json\/wp\/v2\/comments?post=1365"}],"version-history":[{"count":1,"href":"https:\/\/medecinechinoisevercors.com\/index.php\/wp-json\/wp\/v2\/pages\/1365\/revisions"}],"predecessor-version":[{"id":1367,"href":"https:\/\/medecinechinoisevercors.com\/index.php\/wp-json\/wp\/v2\/pages\/1365\/revisions\/1367"}],"wp:attachment":[{"href":"https:\/\/medecinechinoisevercors.com\/index.php\/wp-json\/wp\/v2\/media?parent=1365"}],"curies":[{"name":"wp","href":"https:\/\/api.w.org\/{rel}","templated":true}]}}