{"id":1368,"date":"2025-12-01T17:51:39","date_gmt":"2025-12-01T16:51:39","guid":{"rendered":"https:\/\/medecinechinoisevercors.com\/?page_id=1368"},"modified":"2025-12-02T09:13:43","modified_gmt":"2025-12-02T08:13:43","slug":"lair-de-la-ruche","status":"publish","type":"page","link":"https:\/\/medecinechinoisevercors.com\/index.php\/lair-de-la-ruche\/","title":{"rendered":"L&rsquo;air de la ruche"},"content":{"rendered":"\n<p>L\u2019air des ruches, g\u00e9n\u00e9r\u00e9 par le battement d\u2019ailes des abeilles ventileuses, cr\u00e9e un flux d\u2019air parfaitement adapt\u00e9 \u00e0 chaque partie de la ruche. Ce microclimat unique offre une exp\u00e9rience de respiration enrichie qui peut am\u00e9liorer la sant\u00e9 respiratoire et g\u00e9n\u00e9rale.<\/p>\n\n\n\n<h3 class=\"wp-block-heading has-light-green-cyan-color has-text-color has-link-color wp-elements-109314b8545cc264d1d2a2811a24cce6\">Les effets de l&rsquo;api-sieste<\/h3>\n\n\n\n<p>L\u2019api-sieste, ou inhalation de l\u2019air des ruches, pr\u00e9sente de nombreux bienfaits observ\u00e9s, tels qu\u2019une respiration facilit\u00e9e, une relaxation profonde, un sommeil de meilleure qualit\u00e9, une concentration accrue et une r\u00e9duction des allergies.<\/p>\n\n\n\n<h2 class=\"wp-block-heading has-light-green-cyan-color has-text-color has-link-color wp-elements-5bc7d2a12178946802896d58cbf4153a\">Des bienfaits de l&rsquo;air de la ruche<\/h2>\n\n\n\n<p>Am\u00e9lioration de la Respiration<\/p>\n\n\n\n<p>Respirer l&rsquo;air des ruches aide \u00e0 dilater les bronches, facilitant la respiration pour les personnes souffrant d&rsquo;asthme, d&#8217;emphys\u00e8me, de pneumonie et de bronchites.<\/p>\n\n\n\n<p>R\u00e9duction du Stress et Relaxation<\/p>\n\n\n\n<p>L&rsquo;air des ruches a un effet relaxant qui aide \u00e0 diminuer le stress, am\u00e9liorer la qualit\u00e9 du sommeil et augmenter la concentration.<\/p>\n\n\n\n<p>Oxyg\u00e9nation Cellulaire Optimale<\/p>\n\n\n\n<p>Une bonne oxyg\u00e9nation cellulaire est cruciale pour le fonctionnement optimal de l&rsquo;organisme. L&rsquo;air des ruches am\u00e9liore le transport de l&rsquo;oxyg\u00e8ne par les globules rouges, optimise le fonctionnement cellulaire, favorise l&rsquo;\u00e9limination des d\u00e9chets et renforce le syst\u00e8me immunitaire.<\/p>\n\n\n\n<h2 class=\"wp-block-heading has-light-green-cyan-color has-text-color has-link-color wp-elements-c013c197b88a4eebc899b67d6daa0e86\">Ses propri\u00e9t\u00e9s th\u00e9rapeutiques<\/h2>\n\n\n\n<p>Normalisation de la Circulation Sanguine<\/p>\n\n\n\n<p>L&rsquo;inhalation de l&rsquo;air de la ruche aide \u00e0 r\u00e9guler la circulation sanguine, am\u00e9liorant ainsi la sant\u00e9 cardiovasculaire.<\/p>\n\n\n\n<p>R\u00e9duction de l&rsquo;Usage de M\u00e9dicaments (toujours avec l&rsquo;accord de votre m\u00e9decin)<\/p>\n\n\n\n<p>Pour les personnes souffrant de maladies respiratoires chroniques, l&rsquo;air des ruches peut diminuer la n\u00e9cessit\u00e9 d&rsquo;utiliser des bronchodilatateurs et autres m\u00e9dicaments.<\/p>\n\n\n\n<p>Soulagement des Probl\u00e8mes Respiratoires<\/p>\n\n\n\n<p>Les propri\u00e9t\u00e9s uniques de cet air naturel aident \u00e0 r\u00e9duire les sympt\u00f4mes d&rsquo;asthme, d&rsquo;apn\u00e9e du sommeil, de maux de t\u00eate et de migraines chroniques.<\/p>\n\n\n\n<p><\/p>\n","protected":false},"excerpt":{"rendered":"<p>L\u2019air des ruches, g\u00e9n\u00e9r\u00e9 par le battement d\u2019ailes des abeilles ventileuses, cr\u00e9e un flux d\u2019air parfaitement adapt\u00e9 \u00e0 chaque partie de la ruche. Ce microclimat unique offre une exp\u00e9rience de respiration enrichie qui peut am\u00e9liorer la sant\u00e9 respiratoire et g\u00e9n\u00e9rale. Les effets de l&rsquo;api-sieste L\u2019api-sieste, ou inhalation de l\u2019air des ruches, pr\u00e9sente de nombreux bienfaits &hellip; <\/p>\n<p class=\"link-more\"><a href=\"https:\/\/medecinechinoisevercors.com\/index.php\/lair-de-la-ruche\/\" class=\"more-link\">Continuer la lecture<span class=\"screen-reader-text\"> de &laquo;&nbsp;L&rsquo;air de la ruche&nbsp;&raquo;<\/span><\/a><\/p>\n","protected":false},"author":1,"featured_media":0,"parent":0,"menu_order":0,"comment_status":"closed","ping_status":"closed","template":"","meta":{"footnotes":""},"class_list":["post-1368","page","type-page","status-publish","hentry"],"jetpack_sharing_enabled":true,"_links":{"self":[{"href":"https:\/\/medecinechinoisevercors.com\/index.php\/wp-json\/wp\/v2\/pages\/1368","targetHints":{"allow":["GET"]}}],"collection":[{"href":"https:\/\/medecinechinoisevercors.com\/index.php\/wp-json\/wp\/v2\/pages"}],"about":[{"href":"https:\/\/medecinechinoisevercors.com\/index.php\/wp-json\/wp\/v2\/types\/page"}],"author":[{"embeddable":true,"href":"https:\/\/medecinechinoisevercors.com\/index.php\/wp-json\/wp\/v2\/users\/1"}],"replies":[{"embeddable":true,"href":"https:\/\/medecinechinoisevercors.com\/index.php\/wp-json\/wp\/v2\/comments?post=1368"}],"version-history":[{"count":2,"href":"https:\/\/medecinechinoisevercors.com\/index.php\/wp-json\/wp\/v2\/pages\/1368\/revisions"}],"predecessor-version":[{"id":1392,"href":"https:\/\/medecinechinoisevercors.com\/index.php\/wp-json\/wp\/v2\/pages\/1368\/revisions\/1392"}],"wp:attachment":[{"href":"https:\/\/medecinechinoisevercors.com\/index.php\/wp-json\/wp\/v2\/media?parent=1368"}],"curies":[{"name":"wp","href":"https:\/\/api.w.org\/{rel}","templated":true}]}}