{"id":1533,"date":"2026-03-02T11:56:13","date_gmt":"2026-03-02T10:56:13","guid":{"rendered":"https:\/\/medecinechinoisevercors.com\/?page_id=1533"},"modified":"2026-03-02T11:56:13","modified_gmt":"2026-03-02T10:56:13","slug":"le-massage-au-miel","status":"publish","type":"page","link":"https:\/\/medecinechinoisevercors.com\/index.php\/le-massage-au-miel\/","title":{"rendered":"Le massage au miel"},"content":{"rendered":"\n<p>Dans les pays de l&rsquo;est et notamment la Roumanie, depuis des si\u00e8cles, &nbsp;la d\u00e9tox passe aussi par le corps.&nbsp;<\/p>\n\n\n\n<p>Et par un produit que vous connaissez tous : le miel !!!!<\/p>\n\n\n\n<p>Les vertus du miel sont inombrables.<\/p>\n\n\n\n<p>Le miel a une consistance collante qui adh\u00e8re \u00e0 la peau. Une partie de l&rsquo;eau contenue dans le miel hydrate la peau rapidement. Le miel va se densifier pour avoir une structure proche de la cire d&rsquo;\u00e9pilation.&nbsp;<\/p>\n\n\n\n<p>Les acides du miel, aid\u00e9s par la chaleur cr\u00e9\u00e9e par le massage, ouvrent les pores de la peau (la peau est un \u00e9monctoire important) et fluidifient les graisses qui se trouvent dans les glandes s\u00e9bac\u00e9es.&nbsp;<\/p>\n\n\n\n<p>Nos glandes s\u00e9bac\u00e9es \u00e9liminent graduellement les toxines liposolubles telles que le mercure, le plomb, le cadmium, composants du tabac, traces d&rsquo;antibiotiques, de pesticides, etc&#8230;<\/p>\n\n\n\n<p>Le mouvement sp\u00e9cifique du massage aspirent \u00e0 l&rsquo;ext\u00e9rieur ces graisses d\u00e9positaires de nombreuses toxines liposolubles.<\/p>\n\n\n\n<p>La circulation du sang est \u00e9galement am\u00e9lior\u00e9e et les toxines mieux \u00e9limin\u00e9es.&nbsp;<\/p>\n\n\n\n<p>Des substances nutritives et protectrices du miel (hydrate de carbone, acides amin\u00e9s, vitamines, min\u00e9raux, oligo-\u00e9l\u00e9ments, polyph\u00e9nols) seront absorb\u00e9es par la peau.<\/p>\n","protected":false},"excerpt":{"rendered":"<p>Dans les pays de l&rsquo;est et notamment la Roumanie, depuis des si\u00e8cles, &nbsp;la d\u00e9tox passe aussi par le corps.&nbsp; Et par un produit que vous connaissez tous : le miel !!!! Les vertus du miel sont inombrables. Le miel a une consistance collante qui adh\u00e8re \u00e0 la peau. Une partie de l&rsquo;eau contenue dans le &hellip; <\/p>\n<p class=\"link-more\"><a href=\"https:\/\/medecinechinoisevercors.com\/index.php\/le-massage-au-miel\/\" class=\"more-link\">Continuer la lecture<span class=\"screen-reader-text\"> de &laquo;&nbsp;Le massage au miel&nbsp;&raquo;<\/span><\/a><\/p>\n","protected":false},"author":1,"featured_media":0,"parent":0,"menu_order":0,"comment_status":"closed","ping_status":"closed","template":"","meta":{"footnotes":""},"class_list":["post-1533","page","type-page","status-publish","hentry"],"jetpack_sharing_enabled":true,"_links":{"self":[{"href":"https:\/\/medecinechinoisevercors.com\/index.php\/wp-json\/wp\/v2\/pages\/1533","targetHints":{"allow":["GET"]}}],"collection":[{"href":"https:\/\/medecinechinoisevercors.com\/index.php\/wp-json\/wp\/v2\/pages"}],"about":[{"href":"https:\/\/medecinechinoisevercors.com\/index.php\/wp-json\/wp\/v2\/types\/page"}],"author":[{"embeddable":true,"href":"https:\/\/medecinechinoisevercors.com\/index.php\/wp-json\/wp\/v2\/users\/1"}],"replies":[{"embeddable":true,"href":"https:\/\/medecinechinoisevercors.com\/index.php\/wp-json\/wp\/v2\/comments?post=1533"}],"version-history":[{"count":1,"href":"https:\/\/medecinechinoisevercors.com\/index.php\/wp-json\/wp\/v2\/pages\/1533\/revisions"}],"predecessor-version":[{"id":1535,"href":"https:\/\/medecinechinoisevercors.com\/index.php\/wp-json\/wp\/v2\/pages\/1533\/revisions\/1535"}],"wp:attachment":[{"href":"https:\/\/medecinechinoisevercors.com\/index.php\/wp-json\/wp\/v2\/media?parent=1533"}],"curies":[{"name":"wp","href":"https:\/\/api.w.org\/{rel}","templated":true}]}}