{"id":1096,"date":"2025-11-16T14:55:38","date_gmt":"2025-11-16T13:55:38","guid":{"rendered":"https:\/\/medecinechinoisevercors.com\/?post_type=product&#038;p=1096"},"modified":"2026-02-03T11:39:15","modified_gmt":"2026-02-03T10:39:15","slug":"la-vitalite-retrouvee","status":"publish","type":"product","link":"https:\/\/medecinechinoisevercors.com\/index.php\/produit\/la-vitalite-retrouvee\/","title":{"rendered":"La vitalit\u00e9 retrouv\u00e9e 100g"},"content":{"rendered":"<p>ingr\u00e9dients : racines d&rsquo;eleuth\u00e9rocoque, racines d&rsquo;astragale, racines d&rsquo;aun\u00e9e<\/p>\n<p>cure : faire bouillir 5 g de plante dans 1 litre pendant 10 min. Couper le feu. Filtrer et boire dans la journ\u00e9e<\/p>\n<p>100g<\/p>\n","protected":false},"excerpt":{"rendered":"<p>ingr\u00e9dients : racines d&rsquo;eleuth\u00e9rocoque, racines d&rsquo;astragale, racines d&rsquo;aun\u00e9e cure : faire bouillir 5 g de plante dans 1 litre pendant 10 min. Couper le feu. Filtrer et boire dans la journ\u00e9e 100g<\/p>\n","protected":false},"featured_media":1152,"template":"","meta":[],"product_brand":[],"product_cat":[36],"product_tag":[],"class_list":{"0":"post-1096","1":"product","2":"type-product","3":"status-publish","4":"has-post-thumbnail","6":"product_cat-tisanes-composees","8":"first","9":"instock","10":"shipping-taxable","11":"purchasable","12":"product-type-simple"},"jetpack_sharing_enabled":true,"_links":{"self":[{"href":"https:\/\/medecinechinoisevercors.com\/index.php\/wp-json\/wp\/v2\/product\/1096","targetHints":{"allow":["GET"]}}],"collection":[{"href":"https:\/\/medecinechinoisevercors.com\/index.php\/wp-json\/wp\/v2\/product"}],"about":[{"href":"https:\/\/medecinechinoisevercors.com\/index.php\/wp-json\/wp\/v2\/types\/product"}],"wp:featuredmedia":[{"embeddable":true,"href":"https:\/\/medecinechinoisevercors.com\/index.php\/wp-json\/wp\/v2\/media\/1152"}],"wp:attachment":[{"href":"https:\/\/medecinechinoisevercors.com\/index.php\/wp-json\/wp\/v2\/media?parent=1096"}],"wp:term":[{"taxonomy":"product_brand","embeddable":true,"href":"https:\/\/medecinechinoisevercors.com\/index.php\/wp-json\/wp\/v2\/product_brand?post=1096"},{"taxonomy":"product_cat","embeddable":true,"href":"https:\/\/medecinechinoisevercors.com\/index.php\/wp-json\/wp\/v2\/product_cat?post=1096"},{"taxonomy":"product_tag","embeddable":true,"href":"https:\/\/medecinechinoisevercors.com\/index.php\/wp-json\/wp\/v2\/product_tag?post=1096"}],"curies":[{"name":"wp","href":"https:\/\/api.w.org\/{rel}","templated":true}]}}