{"id":1099,"date":"2025-11-16T17:51:40","date_gmt":"2025-11-16T16:51:40","guid":{"rendered":"https:\/\/medecinechinoisevercors.com\/?post_type=product&#038;p=1099"},"modified":"2026-02-03T11:39:51","modified_gmt":"2026-02-03T10:39:51","slug":"la-digestion-legere","status":"publish","type":"product","link":"https:\/\/medecinechinoisevercors.com\/index.php\/produit\/la-digestion-legere\/","title":{"rendered":"La digestion l\u00e9g\u00e8re 100g"},"content":{"rendered":"<p>ingr\u00e9dients : feuilles de m\u00e9lisse, fleurs de matricaire, feuille de menthe poivr\u00e9e, graines de fenouil, graines de coriandre<\/p>\n<p>cure : 5 g de plante dans 1 litre d\u2019eau bouillante. Laisser infuser 10 min. Filtrer et boire dans la journ\u00e9e<\/p>\n<p>100g<\/p>\n","protected":false},"excerpt":{"rendered":"<p>ingr\u00e9dients : feuilles de m\u00e9lisse, fleurs de matricaire, feuille de menthe poivr\u00e9e, graines de fenouil, graines de coriandre cure : 5 g de plante dans 1 litre d\u2019eau bouillante. Laisser infuser 10 min. Filtrer et boire dans la journ\u00e9e 100g<\/p>\n","protected":false},"featured_media":1166,"template":"","meta":[],"product_brand":[],"product_cat":[36],"product_tag":[],"class_list":{"0":"post-1099","1":"product","2":"type-product","3":"status-publish","4":"has-post-thumbnail","6":"product_cat-tisanes-composees","8":"first","9":"instock","10":"shipping-taxable","11":"purchasable","12":"product-type-simple"},"jetpack_sharing_enabled":true,"_links":{"self":[{"href":"https:\/\/medecinechinoisevercors.com\/index.php\/wp-json\/wp\/v2\/product\/1099","targetHints":{"allow":["GET"]}}],"collection":[{"href":"https:\/\/medecinechinoisevercors.com\/index.php\/wp-json\/wp\/v2\/product"}],"about":[{"href":"https:\/\/medecinechinoisevercors.com\/index.php\/wp-json\/wp\/v2\/types\/product"}],"wp:featuredmedia":[{"embeddable":true,"href":"https:\/\/medecinechinoisevercors.com\/index.php\/wp-json\/wp\/v2\/media\/1166"}],"wp:attachment":[{"href":"https:\/\/medecinechinoisevercors.com\/index.php\/wp-json\/wp\/v2\/media?parent=1099"}],"wp:term":[{"taxonomy":"product_brand","embeddable":true,"href":"https:\/\/medecinechinoisevercors.com\/index.php\/wp-json\/wp\/v2\/product_brand?post=1099"},{"taxonomy":"product_cat","embeddable":true,"href":"https:\/\/medecinechinoisevercors.com\/index.php\/wp-json\/wp\/v2\/product_cat?post=1099"},{"taxonomy":"product_tag","embeddable":true,"href":"https:\/\/medecinechinoisevercors.com\/index.php\/wp-json\/wp\/v2\/product_tag?post=1099"}],"curies":[{"name":"wp","href":"https:\/\/api.w.org\/{rel}","templated":true}]}}