{"id":1146,"date":"2025-11-18T13:24:49","date_gmt":"2025-11-18T12:24:49","guid":{"rendered":"https:\/\/medecinechinoisevercors.com\/?post_type=product&#038;p=1146"},"modified":"2025-11-29T09:20:43","modified_gmt":"2025-11-29T08:20:43","slug":"achillee-millefeuille","status":"publish","type":"product","link":"https:\/\/medecinechinoisevercors.com\/index.php\/produit\/achillee-millefeuille\/","title":{"rendered":"Achill\u00e9e millefeuille"},"content":{"rendered":"<p><em>Achillea millefolium<\/em><\/p>\n<p>parties utilis\u00e9es\u00a0 : fleurs<\/p>\n<p>sachet de 50g<\/p>\n","protected":false},"excerpt":{"rendered":"<p>L&rsquo;achill\u00e9e Millefeuille pour le confort du cycle f\u00e9minin, la circulation, la peau et\u00a0contribuer \u00e0 une meilleure digestion.<\/p>\n<ul>\n<li>Les crampes menstruelles et les douleurs abdominales : Gr\u00e2ce \u00e0 ses vertus anti-inflammatoires et antispasmodiques l&rsquo;achill\u00e9e millefeuille vous aide \u00e0 soulager les d\u00e9sagr\u00e9ments du cycle.<\/li>\n<li>La\u00a0digestion :\u00a0En favorisant la production de bile avec l&rsquo;achill\u00e9e millefeuille, elle contribue \u00e0 stimuler votre digestion et r\u00e9guler votre app\u00e9tit<\/li>\n<li>La circulation : Aide \u00e0 maintenir une circulation veineuse normale gr\u00e2ce \u00e0 ses propri\u00e9t\u00e9s toniques.<\/li>\n<li>Les affections cutan\u00e9es mineures :\u00a0En application externe, ses propri\u00e9t\u00e9s apaisantes vous aident en cas de coupures et de br\u00fblures.<\/li>\n<\/ul>\n","protected":false},"featured_media":1158,"template":"","meta":[],"product_brand":[],"product_cat":[19],"product_tag":[],"class_list":{"0":"post-1146","1":"product","2":"type-product","3":"status-publish","4":"has-post-thumbnail","6":"product_cat-non-classe","8":"first","9":"outofstock","10":"shipping-taxable","11":"purchasable","12":"product-type-simple"},"jetpack_sharing_enabled":true,"_links":{"self":[{"href":"https:\/\/medecinechinoisevercors.com\/index.php\/wp-json\/wp\/v2\/product\/1146","targetHints":{"allow":["GET"]}}],"collection":[{"href":"https:\/\/medecinechinoisevercors.com\/index.php\/wp-json\/wp\/v2\/product"}],"about":[{"href":"https:\/\/medecinechinoisevercors.com\/index.php\/wp-json\/wp\/v2\/types\/product"}],"wp:featuredmedia":[{"embeddable":true,"href":"https:\/\/medecinechinoisevercors.com\/index.php\/wp-json\/wp\/v2\/media\/1158"}],"wp:attachment":[{"href":"https:\/\/medecinechinoisevercors.com\/index.php\/wp-json\/wp\/v2\/media?parent=1146"}],"wp:term":[{"taxonomy":"product_brand","embeddable":true,"href":"https:\/\/medecinechinoisevercors.com\/index.php\/wp-json\/wp\/v2\/product_brand?post=1146"},{"taxonomy":"product_cat","embeddable":true,"href":"https:\/\/medecinechinoisevercors.com\/index.php\/wp-json\/wp\/v2\/product_cat?post=1146"},{"taxonomy":"product_tag","embeddable":true,"href":"https:\/\/medecinechinoisevercors.com\/index.php\/wp-json\/wp\/v2\/product_tag?post=1146"}],"curies":[{"name":"wp","href":"https:\/\/api.w.org\/{rel}","templated":true}]}}