{"id":1235,"date":"2025-11-22T17:11:53","date_gmt":"2025-11-22T16:11:53","guid":{"rendered":"https:\/\/medecinechinoisevercors.com\/?post_type=product&#038;p=1235"},"modified":"2025-11-29T09:10:39","modified_gmt":"2025-11-29T08:10:39","slug":"serpolet","status":"publish","type":"product","link":"https:\/\/medecinechinoisevercors.com\/index.php\/produit\/serpolet\/","title":{"rendered":"Serpolet"},"content":{"rendered":"<p><em>Thymus serpyllum<\/em><\/p>\n<p>parties utilis\u00e9es : parties a\u00e9riennes<\/p>\n<p>sachet de 50g<\/p>\n","protected":false},"excerpt":{"rendered":"<p>Stimule et facilite la digestion. Contribue au maintien d&rsquo;une sant\u00e9 respiratoire normale. Contribue \u00e0 maintenir les fonctions du syst\u00e8me urinaire normales.<\/p>\n","protected":false},"featured_media":1236,"template":"","meta":[],"product_brand":[],"product_cat":[19],"product_tag":[],"class_list":{"0":"post-1235","1":"product","2":"type-product","3":"status-publish","4":"has-post-thumbnail","6":"product_cat-non-classe","8":"first","9":"instock","10":"shipping-taxable","11":"purchasable","12":"product-type-simple"},"jetpack_sharing_enabled":true,"_links":{"self":[{"href":"https:\/\/medecinechinoisevercors.com\/index.php\/wp-json\/wp\/v2\/product\/1235","targetHints":{"allow":["GET"]}}],"collection":[{"href":"https:\/\/medecinechinoisevercors.com\/index.php\/wp-json\/wp\/v2\/product"}],"about":[{"href":"https:\/\/medecinechinoisevercors.com\/index.php\/wp-json\/wp\/v2\/types\/product"}],"wp:featuredmedia":[{"embeddable":true,"href":"https:\/\/medecinechinoisevercors.com\/index.php\/wp-json\/wp\/v2\/media\/1236"}],"wp:attachment":[{"href":"https:\/\/medecinechinoisevercors.com\/index.php\/wp-json\/wp\/v2\/media?parent=1235"}],"wp:term":[{"taxonomy":"product_brand","embeddable":true,"href":"https:\/\/medecinechinoisevercors.com\/index.php\/wp-json\/wp\/v2\/product_brand?post=1235"},{"taxonomy":"product_cat","embeddable":true,"href":"https:\/\/medecinechinoisevercors.com\/index.php\/wp-json\/wp\/v2\/product_cat?post=1235"},{"taxonomy":"product_tag","embeddable":true,"href":"https:\/\/medecinechinoisevercors.com\/index.php\/wp-json\/wp\/v2\/product_tag?post=1235"}],"curies":[{"name":"wp","href":"https:\/\/api.w.org\/{rel}","templated":true}]}}