{"id":1520,"date":"2026-02-12T15:50:26","date_gmt":"2026-02-12T14:50:26","guid":{"rendered":"https:\/\/medecinechinoisevercors.com\/?post_type=product&#038;p=1520"},"modified":"2026-02-12T15:52:08","modified_gmt":"2026-02-12T14:52:08","slug":"la-femme-sage-30g","status":"publish","type":"product","link":"https:\/\/medecinechinoisevercors.com\/index.php\/produit\/la-femme-sage-30g\/","title":{"rendered":"La femme sage 30g"},"content":{"rendered":"<p>soutien la femme en p\u00e9rim\u00e9nopause et m\u00e9nopause<\/p>\n<p>ingr\u00e9dients :\u00a0 ortie, achill\u00e9e millefeuille, alch\u00e9mille, tr\u00e8fle rouge, sauge<\/p>\n<p>cure : 5 g de plante dans 1 litre d\u2019eau bouillante. Laisser infuser 10 min. Filtrer et boire dans la journ\u00e9e<\/p>\n<p>30g<\/p>\n","protected":false},"excerpt":{"rendered":"<p>soutien la femme en p\u00e9rim\u00e9nopause et m\u00e9nopause ingr\u00e9dients :\u00a0 ortie, achill\u00e9e millefeuille, alch\u00e9mille, tr\u00e8fle rouge, sauge cure : 5 g de plante dans 1 litre d\u2019eau bouillante. Laisser infuser 10 min. Filtrer et boire dans la journ\u00e9e 30g<\/p>\n","protected":false},"featured_media":0,"template":"","meta":[],"product_brand":[],"product_cat":[36],"product_tag":[],"class_list":{"0":"post-1520","1":"product","2":"type-product","3":"status-publish","5":"product_cat-tisanes-composees","7":"first","8":"instock","9":"shipping-taxable","10":"purchasable","11":"product-type-simple"},"jetpack_sharing_enabled":true,"_links":{"self":[{"href":"https:\/\/medecinechinoisevercors.com\/index.php\/wp-json\/wp\/v2\/product\/1520","targetHints":{"allow":["GET"]}}],"collection":[{"href":"https:\/\/medecinechinoisevercors.com\/index.php\/wp-json\/wp\/v2\/product"}],"about":[{"href":"https:\/\/medecinechinoisevercors.com\/index.php\/wp-json\/wp\/v2\/types\/product"}],"wp:attachment":[{"href":"https:\/\/medecinechinoisevercors.com\/index.php\/wp-json\/wp\/v2\/media?parent=1520"}],"wp:term":[{"taxonomy":"product_brand","embeddable":true,"href":"https:\/\/medecinechinoisevercors.com\/index.php\/wp-json\/wp\/v2\/product_brand?post=1520"},{"taxonomy":"product_cat","embeddable":true,"href":"https:\/\/medecinechinoisevercors.com\/index.php\/wp-json\/wp\/v2\/product_cat?post=1520"},{"taxonomy":"product_tag","embeddable":true,"href":"https:\/\/medecinechinoisevercors.com\/index.php\/wp-json\/wp\/v2\/product_tag?post=1520"}],"curies":[{"name":"wp","href":"https:\/\/api.w.org\/{rel}","templated":true}]}}